{"id":214,"date":"2015-02-02T15:32:17","date_gmt":"2015-02-02T15:32:17","guid":{"rendered":"http:\/\/grupointersat.com\/padisa\/?page_id=214"},"modified":"2019-03-21T15:13:39","modified_gmt":"2019-03-21T15:13:39","slug":"coccion","status":"publish","type":"page","link":"https:\/\/www.equinox.com.gt\/?page_id=214","title":{"rendered":"Cocci\u00f3n"},"content":{"rendered":"<div  class=\"ui--animation-in make--fx--fadein-ltr ui--pass clearfix\" data-fx=\"fx--fadein-ltr\" data-delay=\"150\" data-start-delay=\"0\"><div id=\"blog-1\" class=\"ui--blog ui--blog-wrapper ui--pass\" data-layout=\"grid\" data-columns=\"3\"><div class=\"ui-row row\">\n <div   class=\"ui-column span4\"><div  class=\"ui--content-box ui--box ui--content-item ui--animation ui-row\"><div class=\"ui--content-box-header\"><div class=\"ui--content-box-media effect--fade type--default clearfix\" style=\"padding-bottom: 56.25%;\"><a class=\"ui--content-box-link\" href=\"https:\/\/www.equinox.com.gt\/?p=634\"><div class=\"ui--content-box-image-default\"><img  class=\"ui--content-box-image\" src=\"https:\/\/www.equinox.com.gt\/wp-content\/uploads\/2015\/01\/comal-industrial-570x321.jpg\" alt=\"\" title=\"\"\/><\/div><div class=\"ui--content-box-overlay\"><div class=\"ui--content-box-overlay-background\"><\/div><div class=\"center\"><span class=\"btn btn-grey ui--center-vertical\"><span class=\"ui--content-box-overlay-button-text\">Leer m\u00e1s<\/span><\/span><\/div><\/div><\/a><\/div><a class=\"ui--content-box-link\" href=\"https:\/\/www.equinox.com.gt\/?p=634\"><div class=\"ui--content-box-title ui--gradient ui--gradient-grey on--hover clearfix text-center\"><h5 class=\"ui--content-box-title-text\">Comal industrial<\/h5><\/div><\/a><\/div><\/div><\/div> \n\n <div   class=\"ui-column span4\"><div  class=\"ui--content-box ui--box ui--content-item ui--animation ui-row\"><div class=\"ui--content-box-header\"><div class=\"ui--content-box-media effect--fade type--default clearfix\" style=\"padding-bottom: 56.25%;\"><a class=\"ui--content-box-link\" href=\"https:\/\/www.equinox.com.gt\/?p=212\"><div class=\"ui--content-box-image-default\"><img  class=\"ui--content-box-image\" src=\"https:\/\/www.equinox.com.gt\/wp-content\/uploads\/2015\/01\/comal-industrial-570x321.jpg\" alt=\"\" title=\"\"\/><\/div><div class=\"ui--content-box-overlay\"><div class=\"ui--content-box-overlay-background\"><\/div><div class=\"center\"><span class=\"btn btn-grey ui--center-vertical\"><span class=\"ui--content-box-overlay-button-text\">Leer m\u00e1s<\/span><\/span><\/div><\/div><\/a><\/div><a class=\"ui--content-box-link\" href=\"https:\/\/www.equinox.com.gt\/?p=212\"><div class=\"ui--content-box-title ui--gradient ui--gradient-grey on--hover clearfix text-center\"><h5 class=\"ui--content-box-title-text\">Comal<\/h5><\/div><\/a><\/div><\/div><\/div> \n\n <div   class=\"ui-column span4\"><div  class=\"ui--content-box ui--box ui--content-item ui--animation ui-row\"><div class=\"ui--content-box-header\"><div class=\"ui--content-box-media effect--fade type--default clearfix\" style=\"padding-bottom: 56.25%;\"><a class=\"ui--content-box-link\" href=\"https:\/\/www.equinox.com.gt\/?p=208\"><div class=\"ui--content-box-image-default\"><img  class=\"ui--content-box-image\" src=\"https:\/\/www.equinox.com.gt\/wp-content\/uploads\/2015\/01\/parrilla1-570x321.jpg\" alt=\"\" title=\"\"\/><\/div><div class=\"ui--content-box-overlay\"><div class=\"ui--content-box-overlay-background\"><\/div><div class=\"center\"><span class=\"btn btn-grey ui--center-vertical\"><span class=\"ui--content-box-overlay-button-text\">Leer m\u00e1s<\/span><\/span><\/div><\/div><\/a><\/div><a class=\"ui--content-box-link\" href=\"https:\/\/www.equinox.com.gt\/?p=208\"><div class=\"ui--content-box-title ui--gradient ui--gradient-grey on--hover clearfix text-center\"><h5 class=\"ui--content-box-title-text\">Parrilla<\/h5><\/div><\/a><\/div><\/div><\/div> \n\n<\/div> \n<div class=\"ui-row row\">\n <div   class=\"ui-column span4\"><div  class=\"ui--content-box ui--box ui--content-item ui--animation ui-row\"><div class=\"ui--content-box-header\"><div class=\"ui--content-box-media effect--fade type--default clearfix\" style=\"padding-bottom: 56.25%;\"><a class=\"ui--content-box-link\" href=\"https:\/\/www.equinox.com.gt\/?p=123\"><div class=\"ui--content-box-image-default\"><img  class=\"ui--content-box-image\" src=\"https:\/\/www.equinox.com.gt\/wp-content\/uploads\/2015\/01\/Freidora-Dean-570x321.jpg\" alt=\"\" title=\"\"\/><\/div><div class=\"ui--content-box-overlay\"><div class=\"ui--content-box-overlay-background\"><\/div><div class=\"center\"><span class=\"btn btn-grey ui--center-vertical\"><span class=\"ui--content-box-overlay-button-text\">Leer m\u00e1s<\/span><\/span><\/div><\/div><\/a><\/div><a class=\"ui--content-box-link\" href=\"https:\/\/www.equinox.com.gt\/?p=123\"><div class=\"ui--content-box-title ui--gradient ui--gradient-grey on--hover clearfix text-center\"><h5 class=\"ui--content-box-title-text\">Freidora Dean<\/h5><\/div><\/a><\/div><\/div><\/div> \n\n<\/div> \n<\/div><\/div>","protected":false},"excerpt":{"rendered":"<p>Leer m\u00e1sComal industrial Leer m\u00e1sComal Leer m\u00e1sParrilla Leer m\u00e1sFreidora Dean<\/p>\n","protected":false},"author":1,"featured_media":0,"parent":0,"menu_order":0,"comment_status":"open","ping_status":"open","template":"page-sidebar-left.php","meta":{"spay_email":""},"yoast_head":"<!-- This site is optimized with the Yoast SEO plugin v16.2 - https:\/\/yoast.com\/wordpress\/plugins\/seo\/ -->\n<meta name=\"robots\" content=\"index, follow, max-snippet:-1, max-image-preview:large, max-video-preview:-1\" \/>\n<link rel=\"canonical\" href=\"https:\/\/www.equinox.com.gt\/?page_id=214\" \/>\n<meta property=\"og:locale\" content=\"es_ES\" \/>\n<meta property=\"og:type\" content=\"article\" \/>\n<meta property=\"og:title\" content=\"Cocci\u00f3n - EQUINOX\" \/>\n<meta property=\"og:description\" content=\"Leer m\u00e1sComal industrial Leer m\u00e1sComal Leer m\u00e1sParrilla Leer m\u00e1sFreidora Dean\" \/>\n<meta property=\"og:url\" content=\"https:\/\/www.equinox.com.gt\/?page_id=214\" \/>\n<meta property=\"og:site_name\" content=\"EQUINOX\" \/>\n<meta property=\"article:modified_time\" content=\"2019-03-21T15:13:39+00:00\" \/>\n<script type=\"application\/ld+json\" class=\"yoast-schema-graph\">{\"@context\":\"https:\/\/schema.org\",\"@graph\":[{\"@type\":\"WebSite\",\"@id\":\"https:\/\/www.equinox.com.gt\/#website\",\"url\":\"https:\/\/www.equinox.com.gt\/\",\"name\":\"EQUINOX\",\"description\":\"Muebles en Acero Inoxidable\",\"potentialAction\":[{\"@type\":\"SearchAction\",\"target\":\"https:\/\/www.equinox.com.gt\/?s={search_term_string}\",\"query-input\":\"required name=search_term_string\"}],\"inLanguage\":\"es\"},{\"@type\":\"WebPage\",\"@id\":\"https:\/\/www.equinox.com.gt\/?page_id=214#webpage\",\"url\":\"https:\/\/www.equinox.com.gt\/?page_id=214\",\"name\":\"Cocci\\u00f3n - EQUINOX\",\"isPartOf\":{\"@id\":\"https:\/\/www.equinox.com.gt\/#website\"},\"datePublished\":\"2015-02-02T15:32:17+00:00\",\"dateModified\":\"2019-03-21T15:13:39+00:00\",\"breadcrumb\":{\"@id\":\"https:\/\/www.equinox.com.gt\/?page_id=214#breadcrumb\"},\"inLanguage\":\"es\",\"potentialAction\":[{\"@type\":\"ReadAction\",\"target\":[\"https:\/\/www.equinox.com.gt\/?page_id=214\"]}]},{\"@type\":\"BreadcrumbList\",\"@id\":\"https:\/\/www.equinox.com.gt\/?page_id=214#breadcrumb\",\"itemListElement\":[{\"@type\":\"ListItem\",\"position\":1,\"item\":{\"@type\":\"WebPage\",\"@id\":\"https:\/\/www.equinox.com.gt\/\",\"url\":\"https:\/\/www.equinox.com.gt\/\",\"name\":\"Portada\"}},{\"@type\":\"ListItem\",\"position\":2,\"item\":{\"@id\":\"https:\/\/www.equinox.com.gt\/?page_id=214#webpage\"}}]}]}<\/script>\n<!-- \/ Yoast SEO plugin. -->","jetpack_sharing_enabled":true,"_links":{"self":[{"href":"https:\/\/www.equinox.com.gt\/index.php?rest_route=\/wp\/v2\/pages\/214"}],"collection":[{"href":"https:\/\/www.equinox.com.gt\/index.php?rest_route=\/wp\/v2\/pages"}],"about":[{"href":"https:\/\/www.equinox.com.gt\/index.php?rest_route=\/wp\/v2\/types\/page"}],"author":[{"embeddable":true,"href":"https:\/\/www.equinox.com.gt\/index.php?rest_route=\/wp\/v2\/users\/1"}],"replies":[{"embeddable":true,"href":"https:\/\/www.equinox.com.gt\/index.php?rest_route=%2Fwp%2Fv2%2Fcomments&post=214"}],"version-history":[{"count":10,"href":"https:\/\/www.equinox.com.gt\/index.php?rest_route=\/wp\/v2\/pages\/214\/revisions"}],"predecessor-version":[{"id":567,"href":"https:\/\/www.equinox.com.gt\/index.php?rest_route=\/wp\/v2\/pages\/214\/revisions\/567"}],"wp:attachment":[{"href":"https:\/\/www.equinox.com.gt\/index.php?rest_route=%2Fwp%2Fv2%2Fmedia&parent=214"}],"curies":[{"name":"wp","href":"https:\/\/api.w.org\/{rel}","templated":true}]}}